{"id":77,"date":"2018-02-24T17:10:56","date_gmt":"2018-02-24T16:10:56","guid":{"rendered":"http:\/\/192.168.1.170\/?page_id=77"},"modified":"2018-06-08T19:42:53","modified_gmt":"2018-06-08T17:42:53","slug":"proposer-un-jeu","status":"publish","type":"page","link":"https:\/\/www.le-doc.net\/index.php\/proposer-un-jeu\/","title":{"rendered":"Proposer un jeu"},"content":{"rendered":"<p>J&rsquo;essaye de suivre l&rsquo;actualit\u00e9 des jeux, pour trouver les p\u00e9pites qui n\u00e9cessitent d\u2019\u00eatre rajout\u00e9s dans mon application, ou de prendre le temps de lire les r\u00e8gles de jeux sans m\u00eame avoir jou\u00e9 r\u00e9ellement \u00e0 ces jeux, mais \u00e7a prend \u00e9norm\u00e9ment de temps. Alors, vous pouvez proposer un jeu !<\/p>\n<p>Si vous avez un jeu que vous souhaitez que je rajoute dans Score Assistant, n&rsquo;h\u00e9sitez pas \u00e0 poster un commentaire sur cette page, avec un bref descriptif du jeu, et si possible, les r\u00e8gles de calcul suivant cette formule:<\/p>\n<ol>\n<li><strong>Calcul simple<\/strong> (multiplicateur): chaque point vaut un score de 3 points par exemple<\/li>\n<li><strong>Tableau du calcul<\/strong>: 0 &#8211;&gt; 0 point,\u00a0 1 &#8211;&gt; 1 point, 2 &#8211;&gt; 3 points, 3 &#8211;&gt; 7 points, &#8230;<\/li>\n<li><strong>Calcul complexe<\/strong>: on prend la popularit\u00e9 x (le nombre d&rsquo;\u00e9toile \/ 2), ou alors les points + 40<\/li>\n<li><strong>Notion de tour:<\/strong> calcul pour 3 tours<\/li>\n<\/ol>\n<p>\u00c7a me permettrait de rajouter plus facilement ces jeux dans la base de donn\u00e9es de Score Assistant.<\/p>\n<p>Merci pour votre participation !!!<\/p>\n<p>&nbsp;<\/p>\n<blockquote><p>Voici un exemple:<\/p>\n<p><strong>Agricola:<\/strong><br \/>\nChamps construits : 0&#8211;&gt;-1 point, 1 &#8211;&gt; -1 point,\u00a0 2 &#8211;&gt; 1 point,\u00a0 3 &#8211;&gt; 2 points, 4 &#8211;&gt; 3 points, 5 &#8211;&gt; 4 points.<br \/>\nNombre de paysan: x 3<br \/>\n&#8230;<\/p><\/blockquote>\n","protected":false},"excerpt":{"rendered":"<p>J&rsquo;essaye de suivre l&rsquo;actualit\u00e9 des jeux, pour trouver les p\u00e9pites qui n\u00e9cessitent d\u2019\u00eatre rajout\u00e9s dans mon application, ou de prendre le temps de lire les r\u00e8gles de jeux sans m\u00eame avoir jou\u00e9 r\u00e9ellement \u00e0 ces&#8230;<\/p>\n","protected":false},"author":1,"featured_media":0,"parent":0,"menu_order":0,"comment_status":"open","ping_status":"closed","template":"","meta":{"footnotes":""},"class_list":["post-77","page","type-page","status-publish","hentry"],"_links":{"self":[{"href":"https:\/\/www.le-doc.net\/index.php\/wp-json\/wp\/v2\/pages\/77","targetHints":{"allow":["GET"]}}],"collection":[{"href":"https:\/\/www.le-doc.net\/index.php\/wp-json\/wp\/v2\/pages"}],"about":[{"href":"https:\/\/www.le-doc.net\/index.php\/wp-json\/wp\/v2\/types\/page"}],"author":[{"embeddable":true,"href":"https:\/\/www.le-doc.net\/index.php\/wp-json\/wp\/v2\/users\/1"}],"replies":[{"embeddable":true,"href":"https:\/\/www.le-doc.net\/index.php\/wp-json\/wp\/v2\/comments?post=77"}],"version-history":[{"count":5,"href":"https:\/\/www.le-doc.net\/index.php\/wp-json\/wp\/v2\/pages\/77\/revisions"}],"predecessor-version":[{"id":193,"href":"https:\/\/www.le-doc.net\/index.php\/wp-json\/wp\/v2\/pages\/77\/revisions\/193"}],"wp:attachment":[{"href":"https:\/\/www.le-doc.net\/index.php\/wp-json\/wp\/v2\/media?parent=77"}],"curies":[{"name":"wp","href":"https:\/\/api.w.org\/{rel}","templated":true}]}}